are the prime factors of 76041301?
7, 10863043
What are the prime factors of 459645278?
2, 239, 961601
What are the prime factors of 169615703?
169615703
What are the prime factors of 1052016630?
2, 3, 5, 7, 5009603
List the prime factors of 141480255.
3, 5, 7, 241, 5591
List the prime factors of 27073423.
13, 19, 109609
List the prime factors of 877478781.
3, 29, 97, 103979
What are the prime factors of 34685511?
3, 7, 1651691
What are the prime factors of 380867286?
2, 3, 17, 41, 61, 1493
What are the prime factors of 84914111?
73, 1163207
List the prime factors of 7191197.
13, 277, 1997
List the prime factors of 852759300.
2, 3, 5, 2842531
List the prime factors of 55262172.
2, 3, 7, 17, 38699
What are the prime factors of 95031964?
2, 23757991
What are the prime factors of 2215188876?
2, 3, 17, 10858769
What are the prime factors of 35847689?
263, 136303
What are the prime factors of 100801153?
3767, 26759
List the prime factors of 473620127.
2777, 170551
What are the prime factors of 2537911097?
2537911097
What are the prime factors of 2056495488?
2, 3, 107, 50051
List the prime factors of 1065515032.
2, 863, 154333
List the prime factors of 25045540.
2, 5, 13, 96329
List the prime factors of 195752834.
2, 97876417
List the prime factors of 73710215.
5, 17, 19, 45641
List the prime factors of 161297649.
3, 17, 41, 2857
List the prime factors of 1394496442.
2, 697248221
List the prime factors of 3566901934.
2, 127, 3229, 4349
List the prime factors of 92257257.
3, 41, 750059
What are the prime factors of 1631750696?
2, 67, 151, 20161
List the prime factors of 124090318.
2, 11, 179, 31511
List the prime factors of 31571840.
2, 5, 49331
What are the prime factors of 835924531?
13, 4946299
List the prime factors of 2291287023.
3, 769, 331063
List the prime factors of 252602636.
2, 11, 13, 441613
What are the prime factors of 2750622347?
11, 463, 540079
What are the prime factors of 30118754?
2, 1997, 7541
What are the prime factors of 99983702?
2, 7, 13, 317, 1733
What are the prime factors of 201515239?
201515239
What are the prime factors of 2780006095?
5, 241, 2307059
What are the prime factors of 5483683?
23, 31, 7691
What are the prime factors of 17657675?
5, 7, 23, 41, 107
List the prime factors of 15746317.
15746317
List the prime factors of 198354982.
2, 7, 14168213
List the prime factors of 99378382.
2, 49689191
What are the prime factors of 473455878?
2, 3, 7, 11272759
What are the prime factors of 187451009?
187451009
List the prime factors of 1458656066.
2, 7, 17, 89, 68863
What are the prime factors of 1335377459?
13, 101, 1017043
List the prime factors of 558417691.
13, 827, 51941
What are the prime factors of 420358372?
2, 7, 167, 89897
List the prime factors of 120119006.
2, 7, 8579929
What are the prime factors of 27963876?
2, 3, 59, 127, 311
What are the prime factors of 2540972?
2, 7, 90749
What are the prime factors of 4411944273?
3, 11, 31, 139121
What are the prime factors of 209159963?
709, 295007
What are the prime factors of 855494544?
2, 3, 17822803
List the prime factors of 1280853773.
1280853773
List the prime factors of 312009350.
2, 5, 6240187
List the prime factors of 734399092.
2, 7, 26228539
List the prime factors of 26986221.
3, 307, 9767
What are the prime factors of 48053217?
3, 373, 42943
List the prime factors of 1091315649.
3, 363771883
List the prime factors of 6449507692.
2, 1612376923
What are the prime factors of 370782963?
3, 59, 698273
List the prime factors of 70065725.
5, 479, 5851
What are the prime factors of 216471978?
2, 3, 19, 37, 17107
What are the prime factors of 116356211?
17, 6844483
List the prime factors of 208934239.
208934239
What are the prime factors of 75326072?
2, 73, 128983
List the prime factors of 1193601840.
2, 3, 5, 41, 101, 1201
List the prime factors of 306570027.
3, 17, 277, 21701
What are the prime factors of 846576754?
2, 1429, 296213
What are the prime factors of 523667152?
2, 29, 38917
What are the prime factors of 115300712?
2, 14412589
What are the prime factors of 27030822?
2, 3, 7, 13, 31, 1597
What are the prime factors of 78112120?
2, 5, 47, 41549
What are the prime factors of 89083483?
89083483
List the prime factors of 556088259.
3, 71, 173, 15091
What are the prime factors of 7078983358?
2, 3539491679
What are the prime factors of 452293893?
3, 50254877
List the prime factors of 422793981.
3, 23, 2042483
What are the prime factors of 94638928?
2, 23, 257171
What are the prime factors of 757145938?
2, 59, 6416491
What are the prime factors of 1143796983?
3, 7, 54466523
What are the prime factors of 2579385105?
3, 5, 11, 283, 18413
What are the prime factors of 64498465?
5, 29, 444817
What are the prime factors of 94765872?
2, 3, 67, 79, 373
What are the prime factors of 3765345205?
5, 281, 487, 5503
What are the prime factors of 3412775414?
2, 1706387707
What are the prime factors of 516475358?
2, 7, 36891097
List the prime factors of 40081293.
3, 7, 636211
List the prime factors of 209749665.
3, 5, 3559, 3929
List the prime factors of 30001499.
11, 23, 118583
List the prime factors of 394936372.
2, 37, 1051, 2539
List the prime factors of 1252938971.
157, 2273, 3511
List the prime factors of 1915304255.
5, 383060851
What are the prime factors of 366877898?
2, 29, 6325481
List the prime factors of 4013792406.
2, 3, 13, 5717653
List the prime factors of 115725936.
2, 3, 17, 37, 3833
List the prime factors of 108113800.
2, 5, 19, 23, 1237
What are the prime factors of 38191124?
2, 61, 156521
List the prime factors of 392329982.
2, 11, 977, 18253
What are the prime factors of 19517986?
2, 29, 487, 691
List the prime factors of 1705449566.
2, 852724783
List the prime factors of 223488561.
3, 2389, 31183
What are the prime factors of 3615494962?
2, 1807747481
List the prime factors of 2079226919.
7, 11, 757, 35671
List the prime factors of 33009073.
33009073
List the prime factors of 3656957955.
3, 5, 7, 710779
What are the prime factors of 119295895?
5, 23859179
What are the prime factors of 3116536357?
11, 283321487
List the prime factors of 41789872.
2, 37, 73, 967
List the prime factors of 4975653349.
3797, 1310417
List the prime factors of 207238106.
2, 61, 1019, 1667
List the prime factors of 3289238131.
241, 1093, 12487
What are the prime factors of 257511445?
5, 29, 499, 3559
List the prime factors of 122583267.
3, 67, 67763
What are the prime factors of 4813428318?
2, 3, 199, 4031347
What are the prime factors of 101048079?
3, 11, 3062063
What are the prime factors of 3219163573?
6329, 508637
List the prime factors of 225177067.
225177067
List the prime factors of 82610166.
2, 3, 13768361
List the prime factors of 379955700.
2, 3, 5, 157, 2689
What are the prime factors of 1532377482?
2, 3, 97, 1193, 2207
List the prime factors of 6459598.
2, 1699, 1901
What are the prime factors of 173092074?
2, 3, 28848679
What are the prime factors of 251552796?
2, 3, 11, 1905703
What are the prime factors of 129005281?
129005281
List the prime factors of 12108990.
2, 3, 5, 37, 10909
List the prime factors of 50575997.
50575997
What are the prime factors of 231481061?
7, 17, 31, 131, 479
List the prime factors of 4673070617.
157, 1699, 17519
List the prime factors of 795111401.
7, 41, 73, 37951
What are the prime factors of 12843986?
2, 191, 33623
What are the prime factors of 6176915568?
2, 3, 37, 443, 2617
List the prime factors of 591939880.
2, 5, 7, 29, 269, 271
What are the prime factors of 114345758?
2, 751, 76129
List the prime factors of 557030418.
2, 3, 7, 439, 30211
List the prime factors of 40657268.
2, 17, 597901
What are the prime factors of 3667840091?
2633, 1393027
What are the prime factors of 388883030?
2, 5, 79, 492257
What are the prime factors of 2162757028?
2, 227, 2381891
List the prime factors of 1494055205.
5, 29, 10303829
List the prime factors of 1253229059.
1253229059
List the prime factors of 384570415.
5, 37, 2078759
List the prime factors of 20503628.
2, 5125907
What are the prime factors of 1978823116?
2, 683, 724313
What are the prime factors of 561452572?
2, 140363143
List the prime factors of 3063180272.
2, 37, 5174291
What are the prime factors of 551839025?
5, 22073561
List the prime factors of 23089846.
2, 13, 139, 6389
List th